+ b). Calculate the remainder when 8 + 0 + y + 1 is divided by 5.
4
Suppose -3 + 8 = 5*i. Let v(x) = -x**2 + 2*x - 1. Let j be v(i). Suppose 3*o - 1 - 38 = j. Calculate the remainder when 24 is divided by o.
11
Suppose 37 + 33 = 7*v. What is the remainder when 18 is divided by v?
8
Let u(b) = -5*b - 6. Let y = -21 - -61. Calculate the remainder when y is divided by u(-4).
12
Suppose 0 = -3*n + 2*f + 31, -6 + 2 = -4*f. Suppose -2*t - 58 = -3*r, -2*r + t + t = -40. Let j = r - n. Calculate the remainder when 19 is divided by j.
5
Let w(u) = 10*u - 1. Let h(m) = -2*m + 6. Let j be h(8). What is the remainder when j/(-15) + (-76)/(-3) is divided by w(1)?
8
Let v be 3*(10/(-3))/(-2). Suppose 3 = 3*f - 0, -693 = -v*q + 2*f. Calculate the remainder when q is divided by 35.
34
Let q(l) = -l**3 - 8*l**2 - 9*l. What is the remainder when 54 is divided by q(-7)?
12
Let k = -84 + 105. Let m(b) = 81*b**3 + b**2 - 1. What is the remainder when m(1) is divided by k?
18
Let j = 1 - -1. Suppose -34 = -j*u + 14. Let m = 137 + -90. What is the remainder when m is divided by u?
23
Let c(z) = 6*z**2 - z. What is the remainder when c(-1) is divided by 2?
1
Let z = 23 - 12. Calculate the remainder when 53 is divided by z.
9
Suppose -3*w = -3*h + 45, 4*h = -2*w + 53 + 19. What is the remainder when 44 is divided by h?
10
Let j = 17 - -8. Calculate the remainder when 33/11 - -2*j is divided by 14.
11
Suppose 0*q = -5*q + 55. What is the remainder when 31 is divided by q?
9
Let a(b) = b**2 + 77. What is the remainder when a(0) is divided by 26?
25
Let k = 288 + -166. What is the remainder when 18 is divided by k/12 + (-4)/24?
8
Suppose 4*f - p = -59, 0 = -f + p - 5 - 12. Let k be 74/14 - (-4)/f. Suppose 0*d + 25 = k*d. What is the remainder when 13 is divided by d?
3
Let m(g) = -g**3 + 8*g**2 + 2*g. Calculate the remainder when 45 is divided by m(8).
13
Suppose -y + 0 + 2 = 0, 0 = 2*r - 3*y - 2. Suppose 3*q + 22 = r*i, 2*q + 29 = q - 3*i. Let t = -7 - q. Calculate the remainder when 12 is divided by t.
5
Suppose -162 = -3*n + m + m, m = 4*n - 221. Calculate the remainder when n is divided by 20.
16
Suppose 2*t - v = 10, -4*t + t = 2*v - 15. Let w be 4/10 - (-336)/10. Suppose -3*j = -t*j + w. What is the remainder when j is divided by 9?
8
Suppose -3*f = -4*u - 30, 3*f + f - 40 = u. What is the remainder when (-2 + 62/2)*1 is divided by f?
9
Let l = -21 + 36. What is the remainder when 118 is divided by l?
13
Suppose -5*u + 92 - 12 = 0. What is the remainder when 63 is divided by u?
15
Suppose -5*m + 52 = -48. Calculate the remainder when 157 is divided by m.
17
Let o = -64 - -70. Calculate the remainder when o is divided by 2.
0
Let j = -126 + 133. What is the remainder when 20 is divided by j?
6
Suppose -2*g - 453 = -3*n - 110, -5*n = -4*g - 573. Let s = n + -73. Suppose 0 = -c + 5*c - s. What is the remainder when 18 is divided by c?
8
Let i(h) = 2*h**2 - 2. Let k(c) = c + 6. Let w be k(0). Calculate the remainder when i(w) is divided by 36.
34
Let f(j) = j**3 + 8*j**2 + 9*j + 4. What is the remainder when f(-5) is divided by 8?
2
Let j = -100 + 109. Let l = 1 + -1. What is the remainder when l/(-1) + -3 + 29 is divided by j?
8
Let l = 3 - -30. Suppose 0 = 3*k - 0*k - l. What is the remainder when 19 is divided by k?
8
Let r be ((-12)/(-8))/((-6)/56). Let k = r + 20. What is the remainder when (-5)/(-3*(-4)/(-24)) is divided by k?
4
Let w(a) = 26*a**2 + a. Suppose 0 = 5*g - 4 + 9. Let y = 3 - -6. What is the remainder when w(g) is divided by y?
7
Let o = 274 - -103. Calculate the remainder when o is divided by 54.
53
Let q be 8/28 - 30/7. Let s = q + 7. Suppose 0*y + s = y. Calculate the remainder when 8 is divided by y.
2
Suppose 3*w = 53 + 67. Suppose 0*a - 5*a = w. Let u = a - -13. What is the remainder when u is divided by 3?
2
Suppose 7*y - 11*y = -40. Let m = -7 + y. Suppose 71 = 4*f - c + 14, -m*f - 4*c + 38 = 0. What is the remainder when 26 is divided by f?
12
What is the remainder when 35 is divided by (-4 + 1)*3*(-4 + 3)?
8
Suppose -n - 6 + 23 = 0. Let v = n - 9. Calculate the remainder when 14 is divided by v.
6
Let z = 2 + -6. Let a = 0 - z. What is the remainder when 14 is divided by a?
2
Suppose 2*u - 2*t + 8 = -2*u, -5*t - 1 = -3*u. Suppose 0 = 7*q - 8*q + 2. What is the remainder when 11 is divided by ((-4)/u)/(q/6)?
3
Suppose -46 = 19*y - 20*y. Calculate the remainder when y is divided by 24.
22
Let t(r) be the first derivative of r**3/3 - r**2 - 7*r + 2. Let o = -12 - -22. What is the remainder when t(-5) is divided by o?
8
Suppose 4*l = 9*l + 125. Let m be (2/4 + 1)*10. Let s = m - l. Calculate the remainder when s is divided by 14.
12
Suppose 0 = 4*t - 88 - 8. Suppose 4*u - 1 + 28 = -5*y, 2*u = 5*y - 21. Let x = u + t. What is the remainder when x is divided by 6?
4
Calculate the remainder when 53 is divided by ((-3)/2)/(3/(-28)).
11
Suppose 6*d = d + 10. Suppose 111 = 3*s + q, 3*s - d*q - 140 = -29. Calculate the remainder when s is divided by 19.
18
Let b(l) = l**2 + 2*l - l + 12*l**2. Let o be b(-1). Let h = -7 + o. Calculate the remainder when 14 is divided by h.
4
Suppose 3*z - 32 = -5*b + z, -20 = 5*z. What is the remainder when 28 is divided by b?
4
Let w(h) = 25*h + 60. Let c(r) = 2*r + 5. Let i(z) = 35*c(z) - 3*w(z). Calculate the remainder when 44 is divided by i(-4).
14
Let g = -10 + 23. Let n be -3 + (6/2 - -2). Suppose 0*q = n*q - 4*y - 70, -2*y + 150 = 4*q. Calculate the remainder when q is divided by g.
11
Calculate the remainder when 4/(-6) - (-11)/3 is divided by 3/(-12) - (-9)/4.
1
Suppose z + 3*m = -2*z + 417, 0 = -2*z + m + 278. What is the remainder when z is divided by 35?
34
What is the remainder when (-2)/(-5) + 632/20 is divided by 17?
15
Let w = -11 + 13. Suppose -w*x + 7 + 7 = 0. What is the remainder when 27 is divided by x?
6
Let x be -3*((2 - 1) + -4). Suppose 2*p - 3*p = x. Calculate the remainder when 7 is divided by 2/(-8) + p/(-4).
1
Let z = 38 - 27. What is the remainder when 30 is divided by z?
8
Suppose 58 + 63 = v. Suppose 5*c - v = 29. Suppose 5*z + 0*z = c. Calculate the remainder when 21 is divided by z.
3
Let i be 2 - 0 - 1 - -2. Suppose c - 4 = i. Calculate the remainder when 20 is divided by c.
6
Suppose 2 = -4*m - 2. Let y be 1 + 0/3 - m. Suppose 0*k - 58 = -y*k. Calculate the remainder when k is divided by 10.
9
Suppose -3*x - 3*g - 12 = 0, -18 - 2 = -3*x + 5*g. Suppose -5*t + c + 207 = 0, x*t + 3*t - c = 123. What is the remainder when t is divided by 15?
12
What is the remainder when 11*(-1 - -7) - 1 is divided by 17?
14
Suppose 0 = h - 5*m - 42, 0 = 2*m - 3*m - 5. Suppose -115 + 16 = p. Let t = 148 + p. What is the remainder when t is divided by h?
15
Suppose -2*x = 2*j - 60, -4*j = -2*x - x + 55. Suppose f - 2 = -0*f. Suppose -f*c - 18 = -44. Calculate the remainder when x is divided by c.
12
Let r = 63 + -45. Suppose 4*s + 2 - r = 0. Let y = 8 - 2. Calculate the remainder when y is divided by s.
2
Let y = 1 + -2. Let b = 3 - y. Suppose 0*m = b*z + m - 35, 14 = 2*z + 4*m. What is the remainder when 17 is divided by z?
8
What is the remainder when (-122)/((4 - (1 + 1)) + -4) is divided by 14?
5
Let n(r) = r**3 + r**2 + r + 1. Let h be n(0). What is the remainder when 54 is divided by ((27 - -1)/1)/h?
26
Suppose 3*c - 28 = -3*a + a, 2*c + 3 = 3*a. Suppose -w + 0*w = -c. Calculate the remainder when 29 is divided by w.
5
Suppose 0 = q + 4*q - 55. What is the remainder when q is divided by 4?
3
Let c = -7 + 5. Let h = 1 - c. Let j(i) = -3*i - 2. Calculate the remainder when j(-3) is divided by h.
1
What is the remainder when 13 is divided by 26/6 - 6/18?
1
Suppose a = 3*a - 34. Suppose -11 - 34 = -5*g. Calculate the remainder when a is divided by g.
8
Suppose -113 = -5*d + 162. Calculate the remainder when d is divided by 21.
13
Let n(j) = j + 2. What is the remainder when n(0) is divided by (4 + -5)/(5/(-10))?
0
Let m = -5 + 9. Suppose -z - m*z = -125. What is the remainder when z is divided by -13*1/(2/(-2))?
12
Let s = 36 - -9. What is the remainder when 177 is divided by s?
42
Let h(g) = -45*g. Let p = -177 - -189. What is the remainder when h(-1) is divided by p?
9
Let l(n) = -n + 15. What is the remainder when l(9) is divided by 2?
0
Let t = 114 - 103. What is the remainder when 30 is divid